 the second derivative of -7*d**4/24 + d**3/6 - d**2 - 5*d. Let w(j) be the first derivative of x(j). Give w(-1).
8
Let j(f) = 5*f - 1. Let k be j(1). Suppose -2*c + k = -0*c. Let p(q) = -3*q**3 - 6*q + 0*q + 2 + 4*q**3 - 3*q**c + 4*q. Determine p(2).
-6
Let w be 3 + (0 - 1) + -1. Let h(i) be the second derivative of -i**4/2 - i**2/2 - 16*i. What is h(w)?
-7
Let v(m) = -17*m + 7. Let u(q) = 26*q - 11. Let x(s) = -5*u(s) - 8*v(s). Determine x(-1).
-7
Let f(u) be the third derivative of -u**4/4 - u**3/3 - 17*u**2. Determine f(-2).
10
Let n = -7 + 9. Suppose 2 + 2 = n*d. Let g(b) = 3*b**2 - b - 1. Calculate g(d).
9
Suppose 5*c - 15 = -0. Let l(t) = 1 + 5*t - 6*t**2 - t + 5*t**2 - c*t. Give l(3).
-5
Let l(r) = -r**3 + 7*r**2 - 7*r - 2. Suppose -3*d + 59 = 41. What is l(d)?
-8
Let u = 6 + -3. Let f(l) = -3*l - 2*l + 6*l - u. Suppose -5*o + 10 = 5*v - 15, 4*o + 5*v = 21. Calculate f(o).
1
Let y = -63 - -65. Let l(s) = -3 - s**3 - 2 + 4. Give l(y).
-9
Let h(a) = -a**2 + 8*a - 1. Suppose -3*m - 1 = -22. Give h(m).
6
Let l(g) = -3 + 56*g**3 - 55*g**3 - 7*g**2 + g + 0. What is l(7)?
4
Let p(q) = -q**3 - 4*q**2 - q + 3. Suppose -y - v + 14 = 3*v, 2*y + 3*v - 13 = 0. Let o = 0 + y. Suppose 4*f + o = -14. Give p(f).
7
Let w(f) be the third derivative of -f**6/120 - f**5/10 + f**4/24 + f**3/2 + f**2. Let s be (-1)/(-2) - (-11)/(-2). Let g = s + -1. What is w(g)?
-3
Let l(d) = d**2 + 7*d + 12. Let h(q) = 4*q + 3*q + 3 + q**2 + 8. Let i(v) = 7*h(v) - 6*l(v). What is i(-4)?
-7
Let k(w) = -2*w + 9. Let j be k(5). Let x be (-3 - -6)*(-2)/3. Let a be x/(1 - j) + -1. Let o(y) = 3*y + 2. Calculate o(a).
-4
Let y(z) = -3*z + 4*z**3 - 2*z**3 + 542*z**2 + 3 + 0*z**3 - 543*z**2. Give y(2).
9
Suppose -c = 2*a, 14 = -0*c + 4*c + a. Let f(j) = -2*j**2 + 4*j + 5. Determine f(c).
-11
Let h(l) = -3*l + 6*l**2 + 2*l - l**3 - 3 - l + 0. Determine h(5).
12
Let k = -6 + 8. Let s(q) = q + 1. Let j be s(k). Let t(l) = -4*l**2 + 3*l**2 + j - 1 - 6*l + 2. What is t(-6)?
4
Let n(d) = -d**2 + 4*d - 3. Let o(v) = 2*v - 9. Let c be o(11). Suppose -3*g - 6 = 0, 2*j = -3*g + c - 1. Let w = j - 5. What is n(w)?
-3
Let i(o) be the third derivative of -o**7/2520 - o**6/240 + o**5/20 + 7*o**2. Let r(h) be the third derivative of i(h). Calculate r(-4).
5
Let p(w) = 3 + 15 - 3*w + 4*w - 5. Calculate p(-6).
7
Let z(h) = 3*h - 1. Let r = 6 + 5. Let k(y) = 0*y - 3 + r*y - 4*y. Let m(g) = -4*k(g) + 9*z(g). Calculate m(5).
-2
Let p(y) = y**2 - 9*y + 8. Let r be ((-40)/(-35))/((-2)/(-14)). What is p(r)?
0
Let h(b) = b - 5. Let q = -2 - -2. Let w be h(q). Let l(m) = -11 + m**3 + 3*m**2 + 3*m**2 + 6*m + 12. Calculate l(w).
-4
Let f(c) = -5*c - 2. Let g(h) = -h. Let s(q) = f(q) - 6*g(q). Calculate s(-6).
-8
Let m(c) = -c + 12. Let u be m(14). Let k be -6*(u + 0 + 1). Let z(v) = -v**2 + 7*v - 9. Determine z(k).
-3
Let i(l) = -l - 1. Let v(k) = -k**3 + 4*k + 4. Let f(r) = 3*i(r) + v(r). Let g = -19 + 24. Suppose -n + g*n = 0. Calculate f(n).
1
Let w(d) = d**2 - 5*d - 3. Suppose -2 = -y + 2. Determine w(y).
-7
Let l(h) = -h - 3. Suppose -8*j - 16 = -4*j. What is l(j)?
1
Suppose 4 = 2*u + 2*x - 18, 0 = -3*u + 3*x + 3. Let p(r) be the first derivative of 2*r**2 - 9*r - 5. Determine p(u).
15
Let h(z) = 2*z**2 - 5*z - 1. Let k(m) = -m**2 + 1. Let n(c) = -h(c) - 3*k(c). Let v(a) be the first derivative of n(a). Suppose 3 + 5 = -2*o. Determine v(o).
-3
Let t(y) = -4*y**2 - y - 1. Suppose 2*l - 8 = -4*c, 0 = 3*l + 7*c - 2*c - 12. Let s = -2 + l. Suppose 0 = -4*d - 6 + s. Calculate t(d).
-4
Suppose 3*q = q + 18. Let u be ((-2)/3)/(3/q). Let c(p) = 3*p**2 + 2*p - 2. Calculate c(u).
6
Suppose 0 = 3*l - 2*m + 20, -2*m = l + 2*m - 12. Let b = 6 + l. Suppose 0 = -2*a - b - 0. Let f(o) = -5*o**2 + o. Calculate f(a).
-6
Let y(p) = -10 - p - p + 6 - 3. Determine y(-5).
3
Let x(d) = 7*d + 9. Let i(s) = 3*s + 4. Let h(o) = -9*i(o) + 4*x(o). Calculate h(4).
4
Let l(a) = -3*a - 12. Let d be -9 + 1/4*0. Give l(d).
15
Let g(s) = -s**2 + 1. Let k(q) = 3*q - 1. Let r be k(1). Let i be -1*(0 - (1 - r)). Determine g(i).
0
Let n = 8 + -10. Let v(q) = -q**3 + q**2 + 3*q + 2. Calculate v(n).
8
Suppose -15 = -3*r + 6*r. Let i = -4 - r. Let h(t) = -9*t**2 + 6*t - 6. Let f(s) = -10*s**2 + 7*s - 7. Let b(k) = 5*f(k) - 6*h(k). Give b(i).
4
Let b(u) = u**2 - 2. Let g = -8 - -12. Suppose -g*m = -m. Let f = m - 3. What is b(f)?
7
Let j(d) = d**3 - 7*d**2 + 9*d + 3. Let h be j(5). Let l(s) = -3 - 5*s + 0*s + 2*s. What is l(h)?
3
Let r(z) = 14*z**2 - 10*z + 35. Let t(l) = -5*l**2 + 3*l - 12. Let o be (8/10)/((-3)/15). Let v(k) = o*r(k) - 11*t(k). Give v(6).
-2
Let x be 4*(2 + 5/(-4)). Suppose 2*v + 11 = 3*a - x, a = -v + 3. Let d(y) be the second derivative of y**5/20 - y**4/4 - 5*y**3/6 - 3*y**2/2 + y. What is d(a)?
-7
Let i(b) = -3*b**3 + b - 1. Let c be 3 - (3 + -3 + 2). What is i(c)?
-3
Let o(k) = -3*k**3 + 3*k**2 - 5*k + 4. Suppose 0*l + 8 = -4*l. Let s(f) = f**3 + f - 1. Let n(c) = l*s(c) - o(c). Suppose 27 - 12 = 5*j. Determine n(j).
7
Let j(o) = o**2 + 19*o + 2 - 27*o + 2. Give j(8).
4
Let r(v) = 3*v**2 + 7*v - 5. Let j(u) = 4*u**2 + 8*u - 5. Let h(s) = 2*j(s) - 3*r(s). Give h(-6).
-1
Let s be (-2)/(-6) - (-46)/6. Let m = s - 5. Let l(a) = m + 0 + 0*a**2 + 3*a**2 + 0*a**2 - 3*a. Calculate l(2).
9
Suppose -6 = 3*i - w, -i - 4*i = -3*w + 14. Let r be i/(-2) + (-66)/(-12). Let k(y) = -y**2 + 7*y + 7. Give k(r).
13
Let q(j) = j**2 + 4*j + 8. Let p(a) = 1. Let b(k) = 6*p(k) - q(k). Suppose 0 = 4*y - 2 + 10. Determine b(y).
2
Suppose 0 = 3*m - 0*m - 3, -5*h = -2*m + 17. Let q(u) = u - 2 + 5 - 3 - 1. What is q(h)?
-4
Let p(h) = h**2. Suppose -8 = -34*b + 30*b. Determine p(b).
4
Let z be (-32)/24*6/(-4). Let m(f) = -3*f**z + 0 + 6*f - 6 + 2*f**2. Give m(4).
2
Let h(c) = c**2 + 3*c - 6. Let x be h(-5). Suppose -2 = x*v - 3*v. Let w(p) be the first derivative of -p**2/2 + 3. Calculate w(v).
2
Let s = -36 - -32. Let n(k) = k**2 + 4*k + 6. What is n(s)?
6
Let h(j) = -11*j**2 - 5*j - 4. Let s(m) = -5*m**2 - 2*m - 2. Let u(g) = 2*h(g) - 5*s(g). Determine u(-2).
14
Let q(i) be the first derivative of i + 3/2*i**2 - 3. Determine q(1).
4
Let s be 0/1 + 5*1. Let v(p) = p**3 - 5*p**2 + 2*p - 4. Let h be v(s). Let u(b) = b**3 - 5*b**2 - 6*b - 2. Determine u(h).
-2
Let l(c) = -c**3 - 3*c**2 + 4*c + 8. Let o be l(-3). Let h(y) = y**3 + 3*y**2 - 4*y. What is h(o)?
0
Let n(x) = -1 + 3*x**2 + 1. Let a(o) = -o**3 + 7*o**2 - 6*o + 3. Let l be a(6). Suppose l*u + 2 = 5*u. Give n(u).
3
Let p(m) = 4*m**2 - 10*m**2 - m + 7*m**2 + 2. What is p(2)?
4
Let d(g) = -g**2 + g + 1. Let h(m) = m**3 + 9*m**2 - 11*m - 2. Let u(f) = -4*d(f) - h(f). Determine u(-6).
-8
Let b(s) = s**2 + 7*s + 6. Let g be b(-7). Suppose 0 = -3*i - 3*j + 12, 5*i - j = 12 + 20. Let w(v) = -v**2 - i*v + 0 + g - 1. Determine w(-6).
5
Let f(l) = -3*l**2 - 5*l - 7 + 0 + 4*l**2. Let y = 61 - 55. Calculate f(y).
-1
Let f = 13 + -7. Let o = 4 - 1. Let a be (o/f - -1)*-2. Let w(b) = b**2 + 2*b - 4. Calculate w(a).
-1
Suppose -p - 5 = -6*p. Let a(h) = 1 + 5*h - 4*h - 4*h + h. Determine a(p).
-1
Suppose -3*f - 3 = -k, 2 = -k + 5*f + 3. Let c(v) = v + 3. Give c(k).
9
Let b(x) be the second derivative of x**4/12 + x**3/2 - x**2/2 - 15*x. Calculate b(-3).
-1
Let i(y) = y + 11. Let d(z) = 3*z + 32. Let w(c) = 4*d(c) - 11*i(c). Let a be w(-6). Let q(v) = -6*v**2 + v. Give q(a).
-5
Let z(q) = -6*q - 11. Let l be (-1)/3 + 21/9. Let y(j) = -j + j + 2*j + l + 2. Let g(w) = 11*y(w) + 4*z(w). Calculate g(4).
-8
Let w(g) = g**2 + 2. Let t(d) = -5*d**2 + 5*d - 13. Let s(z) = t(z) + 4*w(z). Let b be (10/4)/((-3)/(-6)). What is s(b)?
-5
Let c(m) = m - 1. Let w(l) = 6*l - 5. Let z(r) = -11*c(r) + 2*w(r). Let q = -3 - -2. What is z(q)?
0
Let j(i) = 4*i - 2. Let a be j(9). Suppose 3 = -2*r - 3*z + 4, 5*r = 3*z + a. Let u(c) = -3*c + r + c + 4*c. What is u(-4)?
-3
Suppose -3 = 3*m, 2*l + 3*m = -4 - 1. Let v = 2 + l. Let y(o) = 6*o - 1. Let r(f) = -6*f + 1. Let k(p) = 5*r(p) + 4*y(p). Determine k(v).
-5
Suppose -3 = -r - 0*r. Suppose -4*m = 12, -b + r = -2*m - 3. Let a(d) = 3*d + 2*d**2 + b - 4 - d**3 + 0*d**3. Give a(3).
-4
Suppose 0 = -2*u - z + 32, 51 = 5*u + 3*z - 31. Let o be 21/u*32/6. Let w(h) = h - 8. Calculate w(o).
0
Let g = -7 + 6. Let n be (1/g)/(3/(-15)). Let b(t) = n*t - 6*t + 7 - 1 + 3. Give b(5).
4
Let j(f) 